 the prime factors of 10455?
3, 5, 17, 41
What are the prime factors of 2073?
3, 691
List the prime factors of 21641.
17, 19, 67
List the prime factors of 45392.
2, 2837
What are the prime factors of 383?
383
List the prime factors of 18137.
7, 2591
List the prime factors of 14175.
3, 5, 7
What are the prime factors of 99470?
2, 5, 7, 29
What are the prime factors of 75?
3, 5
List the prime factors of 9680.
2, 5, 11
List the prime factors of 39041.
39041
What are the prime factors of 16096?
2, 503
List the prime factors of 414.
2, 3, 23
List the prime factors of 3472.
2, 7, 31
What are the prime factors of 979?
11, 89
List the prime factors of 1660.
2, 5, 83
List the prime factors of 6312.
2, 3, 263
What are the prime factors of 609?
3, 7, 29
What are the prime factors of 9198?
2, 3, 7, 73
List the prime factors of 713.
23, 31
What are the prime factors of 5824?
2, 7, 13
List the prime factors of 2018.
2, 1009
What are the prime factors of 1453?
1453
What are the prime factors of 1833?
3, 13, 47
List the prime factors of 1282.
2, 641
What are the prime factors of 12033?
3, 7, 191
List the prime factors of 18909.
3, 11, 191
List the prime factors of 556.
2, 139
List the prime factors of 21335.
5, 17, 251
What are the prime factors of 386?
2, 193
List the prime factors of 42160.
2, 5, 17, 31
What are the prime factors of 127331?
127331
List the prime factors of 10260.
2, 3, 5, 19
List the prime factors of 4067.
7, 83
List the prime factors of 23169.
3, 7723
What are the prime factors of 657?
3, 73
List the prime factors of 1618.
2, 809
What are the prime factors of 2109?
3, 19, 37
List the prime factors of 20042.
2, 11, 911
What are the prime factors of 472?
2, 59
List the prime factors of 11241.
3, 1249
List the prime factors of 27852.
2, 3, 11, 211
List the prime factors of 83.
83
List the prime factors of 1064.
2, 7, 19
List the prime factors of 2123.
11, 193
List the prime factors of 268.
2, 67
List the prime factors of 37792.
2, 1181
List the prime factors of 2730.
2, 3, 5, 7, 13
List the prime factors of 23253.
3, 23, 337
List the prime factors of 2980.
2, 5, 149
List the prime factors of 418.
2, 11, 19
List the prime factors of 7807.
37, 211
What are the prime factors of 38798?
2, 19, 1021
What are the prime factors of 5699?
41, 139
What are the prime factors of 1828?
2, 457
What are the prime factors of 23839?
31, 769
What are the prime factors of 19134?
2, 3, 1063
List the prime factors of 11803.
11, 29, 37
What are the prime factors of 1238?
2, 619
What are the prime factors of 9264?
2, 3, 193
List the prime factors of 6021.
3, 223
What are the prime factors of 77542?
2, 137, 283
What are the prime factors of 409?
409
List the prime factors of 307.
307
What are the prime factors of 753?
3, 251
What are the prime factors of 23185?
5, 4637
What are the prime factors of 2572?
2, 643
List the prime factors of 4157.
4157
List the prime factors of 111099.
3, 29, 1277
List the prime factors of 904.
2, 113
What are the prime factors of 6107?
31, 197
What are the prime factors of 28264?
2, 3533
What are the prime factors of 2175?
3, 5, 29
What are the prime factors of 549?
3, 61
List the prime factors of 25605.
3, 5, 569
What are the prime factors of 203?
7, 29
List the prime factors of 55182.
2, 3, 17, 541
What are the prime factors of 80213?
7, 1637
What are the prime factors of 2032?
2, 127
List the prime factors of 42033.
3, 14011
What are the prime factors of 2770?
2, 5, 277
List the prime factors of 2922.
2, 3, 487
What are the prime factors of 12235?
5, 2447
List the prime factors of 21551.
23, 937
What are the prime factors of 21517?
21517
List the prime factors of 94126.
2, 19, 2477
What are the prime factors of 4568?
2, 571
List the prime factors of 27808.
2, 11, 79
List the prime factors of 2176.
2, 17
List the prime factors of 413.
7, 59
What are the prime factors of 45743?
149, 307
What are the prime factors of 8820?
2, 3, 5, 7
What are the prime factors of 7097?
47, 151
What are the prime factors of 1361?
1361
What are the prime factors of 1382?
2, 691
What are the prime factors of 5191?
29, 179
List the prime factors of 5.
5
List the prime factors of 14912.
2, 233
List the prime factors of 264.
2, 3, 11
What are the prime factors of 5094?
2, 3, 283
List the prime factors of 38970.
2, 3, 5, 433
What are the prime factors of 2155?
5, 431
What are the prime factors of 17709?
3, 5903
What are the prime factors of 386?
2, 193
List the prime factors of 4178.
2, 2089
What are the prime factors of 19009?
19009
List the prime factors of 18035.
5, 3607
List the prime factors of 23844.
2, 3, 1987
List the prime factors of 3567.
3, 29, 41
List the prime factors of 742.
2, 7, 53
What are the prime factors of 8481?
3, 11, 257
What are the prime factors of 3019?
3019
What are the prime factors of 18670?
2, 5, 1867
What are the prime factors of 1911?
3, 7, 13
What are the prime factors of 4666?
2, 2333
List the prime factors of 197144.
2, 19, 1297
List the prime factors of 22805.
5, 4561
What are the prime factors of 437?
19, 23
What are the prime factors of 431?
431
What are the prime factors of 13249?
13249
What are the prime factors of 416?
2, 13
What are the prime factors of 988?
2, 13, 19
List the prime factors of 1239.
3, 7, 59
List the prime factors of 15450.
2, 3, 5, 103
What are the prime factors of 9073?
43, 211
List the prime factors of 16636.
2, 4159
List the prime factors of 108661.
7, 19, 43
List the prime factors of 4487.
7, 641
List the prime factors of 20950.
2, 5, 419
What are the prime factors of 3793?
3793
List the prime factors of 1596.
2, 3, 7, 19
What are the prime factors of 498?
2, 3, 83
What are the prime factors of 1943?
29, 67
List the prime factors of 64910.
2, 5, 6491
List the prime factors of 5278.
2, 7, 13, 29
List the prime factors of 78665.
5, 15733
List the prime factors of 30181.
30181
List the prime factors of 774.
2, 3, 43
List the prime factors of 379.
379
List the prime factors of 973.
7, 139
List the prime factors of 758.
2, 379
List the prime factors of 5596.
2, 1399
What are the prime factors of 31086?
2, 3, 11, 157
What are the prime factors of 846?
2, 3, 47
List the prime factors of 6609.
3, 2203
List the prime factors of 27041.
7, 3863
List the prime factors of 485.
5, 97
What are the prime factors of 1008?
2, 3, 7
List the prime factors of 47858.
2, 23929
What are the prime factors of 848?
2, 53
What are the prime factors of 14165?
5, 2833
List the prime factors of 32287.
83, 389
What are the prime factors of 5857?
5857
What are the prime factors of 1661?
11, 151
What are the prime factors of 895?
5, 179
What are the prime factors of 41400?
2, 3, 5, 23
What are the prime factors of 115779?
3, 38593
What are the prime factors of 5416?
2, 677
What are the prime factors of 16890?
2, 3, 5, 563
What are the prime factors of 39220?
2, 5, 37, 53
What are the prime factors of 958?
2, 479
What are the prime factors of 2989?
7, 61
List the prime factors of 81472.
2, 19, 67
What are the prime factors of 22806?
2, 3, 7, 181
List the prime factors of 22662.
2, 3, 1259
List the prime factors of 37311.
3, 12437
What are the prime factors of 2366?
2, 7, 13
What are the prime factors of 25943?
25943
List the prime factors of 22532.
2, 43, 131
What are the prime factors of 1788?
2, 3, 149
List the prime factors of 2658.
2, 3, 443
What are the prime factors of 6023?
19, 317
List the prime factors of 16063.
16063
List the prime factors of 69441.
3, 79, 293
What are the prime factors of 9894?
2, 3, 17, 97
List the prime factors of 16881.
3, 17, 331
What are the prime factors of 4225?
5, 13
What are the prime factors of 1744?
2, 109
List the prime factors of 603.
3, 67
List the prime factors of 375.
3, 5
List the prime factors of 28036.
2, 43, 163
List the prime factors of 7155.
3, 5, 53
What are the prime factors of 49976?
2, 6247
What are the prime factors of 9412?
2, 13, 181
List the prime factors of 6706.
2, 7, 479
What are the prime factors of 6883?
6883
List the prime factors of 13219.
13219
List the prime factors of 21185.
5, 19, 223
What are the prime factors of 401?
401
List the prime factors of 9742.
2, 4871
What are the prime factors of 15500?
2, 5, 31
List the prime factors of 4490.
2, 5, 449
List the pr